{"id":96,"date":"2020-02-16T15:16:43","date_gmt":"2020-02-16T14:16:43","guid":{"rendered":"http:\/\/maisonlacroixvalmer.fr\/?page_id=96"},"modified":"2026-03-22T17:38:31","modified_gmt":"2026-03-22T16:38:31","slug":"le-rez-de-chausse","status":"publish","type":"page","link":"https:\/\/maisonlacroixvalmer.fr\/index.php\/le-rez-de-chausse\/","title":{"rendered":"Le rez de chauss\u00e9e"},"content":{"rendered":"\n<figure class=\"wp-block-image size-large\"><img decoding=\"async\" src=\"http:\/\/maisonlacroixvalmer.fr\/wp-content\/uploads\/2020\/02\/Salon-768x1024.jpg\" alt=\"\" class=\"wp-image-75\"\/><figcaption class=\"wp-element-caption\">Un grand salon de plus de 50m\u00b2 ouvert sur la cuisine et l&rsquo;ext\u00e9rieur.<br>3 baies vitr\u00e9es face au jardin.<\/figcaption><\/figure>\n\n\n\n<figure class=\"wp-block-image size-large\"><img loading=\"lazy\" decoding=\"async\" width=\"1024\" height=\"768\" src=\"http:\/\/maisonlacroixvalmer.fr\/wp-content\/uploads\/2026\/03\/IMG_9172-1024x768.jpeg\" alt=\"\" class=\"wp-image-324\" srcset=\"https:\/\/maisonlacroixvalmer.fr\/wp-content\/uploads\/2026\/03\/IMG_9172-1024x768.jpeg 1024w, https:\/\/maisonlacroixvalmer.fr\/wp-content\/uploads\/2026\/03\/IMG_9172-300x225.jpeg 300w, https:\/\/maisonlacroixvalmer.fr\/wp-content\/uploads\/2026\/03\/IMG_9172-768x576.jpeg 768w, https:\/\/maisonlacroixvalmer.fr\/wp-content\/uploads\/2026\/03\/IMG_9172-1536x1152.jpeg 1536w, https:\/\/maisonlacroixvalmer.fr\/wp-content\/uploads\/2026\/03\/IMG_9172-2048x1536.jpeg 2048w\" sizes=\"auto, (max-width: 767px) 89vw, (max-width: 1000px) 54vw, (max-width: 1071px) 543px, 580px\" \/><figcaption class=\"wp-element-caption\">Salle \u00e0 manger ou extension du salon \u00e0 vous d&rsquo;inventer la vie qui va avec&#8230;<br>Petits d\u00e9jeuner face au soleil garantis pour les amateurs<br>Vue mer<\/figcaption><\/figure>\n\n\n\n<figure class=\"wp-block-image size-large\"><img loading=\"lazy\" decoding=\"async\" width=\"1024\" height=\"576\" src=\"http:\/\/maisonlacroixvalmer.fr\/wp-content\/uploads\/2026\/03\/IMG_9150-edited-1024x576.jpeg\" alt=\"\" class=\"wp-image-330\" srcset=\"https:\/\/maisonlacroixvalmer.fr\/wp-content\/uploads\/2026\/03\/IMG_9150-edited-1024x576.jpeg 1024w, https:\/\/maisonlacroixvalmer.fr\/wp-content\/uploads\/2026\/03\/IMG_9150-edited-300x169.jpeg 300w, https:\/\/maisonlacroixvalmer.fr\/wp-content\/uploads\/2026\/03\/IMG_9150-edited-768x432.jpeg 768w, https:\/\/maisonlacroixvalmer.fr\/wp-content\/uploads\/2026\/03\/IMG_9150-edited-1536x864.jpeg 1536w, https:\/\/maisonlacroixvalmer.fr\/wp-content\/uploads\/2026\/03\/IMG_9150-edited-2048x1152.jpeg 2048w\" sizes=\"auto, (max-width: 767px) 89vw, (max-width: 1000px) 54vw, (max-width: 1071px) 543px, 580px\" \/><figcaption class=\"wp-element-caption\">Cuisine \u00e9quip\u00e9e avec Four, Micro-ondes, Lave-vaisselle, Machine Nespresso, Grille-pain&#8230;<br>Vaisselle pour 12 personnes<br>Cusine ouverte donnant directement sur la terrasse et le jardin.<\/figcaption><\/figure>\n\n\n\n<figure class=\"wp-block-image size-large\"><img loading=\"lazy\" decoding=\"async\" width=\"768\" height=\"1024\" src=\"http:\/\/maisonlacroixvalmer.fr\/wp-content\/uploads\/2026\/03\/IMG_9186-768x1024.jpeg\" alt=\"\" class=\"wp-image-326\" srcset=\"https:\/\/maisonlacroixvalmer.fr\/wp-content\/uploads\/2026\/03\/IMG_9186-768x1024.jpeg 768w, https:\/\/maisonlacroixvalmer.fr\/wp-content\/uploads\/2026\/03\/IMG_9186-225x300.jpeg 225w, https:\/\/maisonlacroixvalmer.fr\/wp-content\/uploads\/2026\/03\/IMG_9186-1152x1536.jpeg 1152w, https:\/\/maisonlacroixvalmer.fr\/wp-content\/uploads\/2026\/03\/IMG_9186-1536x2048.jpeg 1536w, https:\/\/maisonlacroixvalmer.fr\/wp-content\/uploads\/2026\/03\/IMG_9186-scaled.jpeg 1920w\" sizes=\"auto, (max-width: 767px) 89vw, (max-width: 1000px) 54vw, (max-width: 1071px) 543px, 580px\" \/><\/figure>\n\n\n\n<figure class=\"wp-block-gallery has-nested-images columns-default is-cropped wp-block-gallery-1 is-layout-flex wp-block-gallery-is-layout-flex\">\n<figure class=\"wp-block-image size-large\"><img loading=\"lazy\" decoding=\"async\" width=\"1024\" height=\"768\" data-id=\"315\" src=\"http:\/\/maisonlacroixvalmer.fr\/wp-content\/uploads\/2026\/03\/IMG_7507-1024x768.jpeg\" alt=\"\" class=\"wp-image-315\" srcset=\"https:\/\/maisonlacroixvalmer.fr\/wp-content\/uploads\/2026\/03\/IMG_7507-1024x768.jpeg 1024w, https:\/\/maisonlacroixvalmer.fr\/wp-content\/uploads\/2026\/03\/IMG_7507-300x225.jpeg 300w, https:\/\/maisonlacroixvalmer.fr\/wp-content\/uploads\/2026\/03\/IMG_7507-768x576.jpeg 768w, https:\/\/maisonlacroixvalmer.fr\/wp-content\/uploads\/2026\/03\/IMG_7507-1536x1152.jpeg 1536w, https:\/\/maisonlacroixvalmer.fr\/wp-content\/uploads\/2026\/03\/IMG_7507-2048x1536.jpeg 2048w\" sizes=\"auto, (max-width: 767px) 89vw, (max-width: 1000px) 54vw, (max-width: 1071px) 543px, 580px\" \/><figcaption class=\"wp-element-caption\">Salle \u00e0 manger d&rsquo;\u00e9t\u00e9<\/figcaption><\/figure>\n\n\n\n<figure class=\"wp-block-image size-large\"><img loading=\"lazy\" decoding=\"async\" width=\"768\" height=\"1024\" data-id=\"312\" src=\"http:\/\/maisonlacroixvalmer.fr\/wp-content\/uploads\/2026\/03\/IMG_6509-768x1024.jpeg\" alt=\"\" class=\"wp-image-312\" srcset=\"https:\/\/maisonlacroixvalmer.fr\/wp-content\/uploads\/2026\/03\/IMG_6509-768x1024.jpeg 768w, https:\/\/maisonlacroixvalmer.fr\/wp-content\/uploads\/2026\/03\/IMG_6509-225x300.jpeg 225w, https:\/\/maisonlacroixvalmer.fr\/wp-content\/uploads\/2026\/03\/IMG_6509-1152x1536.jpeg 1152w, https:\/\/maisonlacroixvalmer.fr\/wp-content\/uploads\/2026\/03\/IMG_6509-1536x2048.jpeg 1536w, https:\/\/maisonlacroixvalmer.fr\/wp-content\/uploads\/2026\/03\/IMG_6509-scaled.jpeg 1920w\" sizes=\"auto, (max-width: 767px) 89vw, (max-width: 1000px) 54vw, (max-width: 1071px) 543px, 580px\" \/><figcaption class=\"wp-element-caption\">4\u00e8me chambre\/Salle TV<\/figcaption><\/figure>\n\n\n\n<figure class=\"wp-block-image size-large\"><img loading=\"lazy\" decoding=\"async\" width=\"768\" height=\"1024\" data-id=\"235\" src=\"https:\/\/maisonlacroixvalmer.fr\/wp-content\/uploads\/2020\/06\/IMG_2921-768x1024.jpg\" alt=\"\" class=\"wp-image-235\" srcset=\"https:\/\/maisonlacroixvalmer.fr\/wp-content\/uploads\/2020\/06\/IMG_2921-768x1024.jpg 768w, https:\/\/maisonlacroixvalmer.fr\/wp-content\/uploads\/2020\/06\/IMG_2921-225x300.jpg 225w, https:\/\/maisonlacroixvalmer.fr\/wp-content\/uploads\/2020\/06\/IMG_2921-1152x1536.jpg 1152w, https:\/\/maisonlacroixvalmer.fr\/wp-content\/uploads\/2020\/06\/IMG_2921-1536x2048.jpg 1536w, https:\/\/maisonlacroixvalmer.fr\/wp-content\/uploads\/2020\/06\/IMG_2921-scaled.jpg 1920w\" sizes=\"auto, (max-width: 767px) 89vw, (max-width: 1000px) 54vw, (max-width: 1071px) 543px, 580px\" \/><figcaption class=\"wp-element-caption\">La chemin\u00e9e pour l&rsquo;hiver<\/figcaption><\/figure>\n\n\n\n<figure class=\"wp-block-image size-large\"><img loading=\"lazy\" decoding=\"async\" width=\"768\" height=\"1024\" data-id=\"327\" src=\"https:\/\/maisonlacroixvalmer.fr\/wp-content\/uploads\/2026\/03\/IMG_9187-768x1024.jpeg\" alt=\"\" class=\"wp-image-327\" srcset=\"https:\/\/maisonlacroixvalmer.fr\/wp-content\/uploads\/2026\/03\/IMG_9187-768x1024.jpeg 768w, https:\/\/maisonlacroixvalmer.fr\/wp-content\/uploads\/2026\/03\/IMG_9187-225x300.jpeg 225w, https:\/\/maisonlacroixvalmer.fr\/wp-content\/uploads\/2026\/03\/IMG_9187-1152x1536.jpeg 1152w, https:\/\/maisonlacroixvalmer.fr\/wp-content\/uploads\/2026\/03\/IMG_9187-1536x2048.jpeg 1536w, https:\/\/maisonlacroixvalmer.fr\/wp-content\/uploads\/2026\/03\/IMG_9187-scaled.jpeg 1920w\" sizes=\"auto, (max-width: 767px) 89vw, (max-width: 1000px) 54vw, (max-width: 1071px) 543px, 580px\" \/><\/figure>\n<\/figure>\n\n\n\n<p><\/p>\n","protected":false},"excerpt":{"rendered":"","protected":false},"author":1,"featured_media":63,"parent":0,"menu_order":0,"comment_status":"closed","ping_status":"closed","template":"","meta":{"footnotes":""},"class_list":["post-96","page","type-page","status-publish","has-post-thumbnail","hentry"],"yoast_head":"<!-- This site is optimized with the Yoast SEO plugin v15.7 - https:\/\/yoast.com\/wordpress\/plugins\/seo\/ -->\n<title>Le rez de chauss\u00e9e<\/title>\n<meta name=\"robots\" content=\"index, follow, max-snippet:-1, max-image-preview:large, max-video-preview:-1\" \/>\n<link rel=\"canonical\" href=\"https:\/\/maisonlacroixvalmer.fr\/index.php\/le-rez-de-chausse\/\" \/>\n<meta property=\"og:locale\" content=\"fr_FR\" \/>\n<meta property=\"og:locale:alternate\" content=\"en_US\" \/>\n<meta property=\"og:locale:alternate\" content=\"de_DE\" \/>\n<meta property=\"og:type\" content=\"article\" \/>\n<meta property=\"og:title\" content=\"Le rez de chauss\u00e9e\" \/>\n<meta property=\"og:url\" content=\"https:\/\/maisonlacroixvalmer.fr\/index.php\/le-rez-de-chausse\/\" \/>\n<meta property=\"og:site_name\" content=\"Villa La Croix-Valmer\" \/>\n<meta property=\"article:modified_time\" content=\"2026-03-22T16:38:31+00:00\" \/>\n<meta property=\"og:image\" content=\"https:\/\/maisonlacroixvalmer.fr\/wp-content\/uploads\/2020\/02\/Exterieur.jpg\" \/>\n\t<meta property=\"og:image:width\" content=\"1537\" \/>\n\t<meta property=\"og:image:height\" content=\"2049\" \/>\n<meta name=\"twitter:card\" content=\"summary_large_image\" \/>\n<meta name=\"twitter:label1\" content=\"Dur\u00e9e de lecture est.\">\n\t<meta name=\"twitter:data1\" content=\"1 minute\">\n<script type=\"application\/ld+json\" class=\"yoast-schema-graph\">{\"@context\":\"https:\/\/schema.org\",\"@graph\":[{\"@type\":\"Organization\",\"@id\":\"https:\/\/maisonlacroixvalmer.fr\/#organization\",\"name\":\"Location saisonni\\u00e8re MaisonLaCroixValmer Masraja\",\"url\":\"https:\/\/maisonlacroixvalmer.fr\/\",\"sameAs\":[],\"logo\":{\"@type\":\"ImageObject\",\"@id\":\"https:\/\/maisonlacroixvalmer.fr\/#logo\",\"inLanguage\":\"fr-FR\",\"url\":\"https:\/\/maisonlacroixvalmer.fr\/wp-content\/uploads\/2020\/02\/VuedelaPiscine.jpg\",\"width\":2016,\"height\":1512,\"caption\":\"Location saisonni\\u00e8re MaisonLaCroixValmer Masraja\"},\"image\":{\"@id\":\"https:\/\/maisonlacroixvalmer.fr\/#logo\"}},{\"@type\":\"WebSite\",\"@id\":\"https:\/\/maisonlacroixvalmer.fr\/#website\",\"url\":\"https:\/\/maisonlacroixvalmer.fr\/\",\"name\":\"Villa La Croix-Valmer\",\"description\":\"Pour que vos vacances ne soient que pur plaisir\",\"publisher\":{\"@id\":\"https:\/\/maisonlacroixvalmer.fr\/#organization\"},\"potentialAction\":[{\"@type\":\"SearchAction\",\"target\":\"https:\/\/maisonlacroixvalmer.fr\/?s={search_term_string}\",\"query-input\":\"required name=search_term_string\"}],\"inLanguage\":\"fr-FR\"},{\"@type\":\"ImageObject\",\"@id\":\"https:\/\/maisonlacroixvalmer.fr\/index.php\/le-rez-de-chausse\/#primaryimage\",\"inLanguage\":\"fr-FR\",\"url\":\"https:\/\/maisonlacroixvalmer.fr\/wp-content\/uploads\/2020\/02\/Exterieur.jpg\",\"width\":1537,\"height\":2049},{\"@type\":\"WebPage\",\"@id\":\"https:\/\/maisonlacroixvalmer.fr\/index.php\/le-rez-de-chausse\/#webpage\",\"url\":\"https:\/\/maisonlacroixvalmer.fr\/index.php\/le-rez-de-chausse\/\",\"name\":\"[:en]1st floor[:de]Unter Geschoss[:fr]Le rez de chauss\\u00e9e[:] - Villa La Croix-Valmer\",\"isPartOf\":{\"@id\":\"https:\/\/maisonlacroixvalmer.fr\/#website\"},\"primaryImageOfPage\":{\"@id\":\"https:\/\/maisonlacroixvalmer.fr\/index.php\/le-rez-de-chausse\/#primaryimage\"},\"datePublished\":\"2020-02-16T14:16:43+00:00\",\"dateModified\":\"2026-03-22T16:38:31+00:00\",\"inLanguage\":\"fr-FR\",\"potentialAction\":[{\"@type\":\"ReadAction\",\"target\":[\"https:\/\/maisonlacroixvalmer.fr\/index.php\/le-rez-de-chausse\/\"]}]}]}<\/script>\n<!-- \/ Yoast SEO plugin. -->","_links":{"self":[{"href":"https:\/\/maisonlacroixvalmer.fr\/index.php\/wp-json\/wp\/v2\/pages\/96","targetHints":{"allow":["GET"]}}],"collection":[{"href":"https:\/\/maisonlacroixvalmer.fr\/index.php\/wp-json\/wp\/v2\/pages"}],"about":[{"href":"https:\/\/maisonlacroixvalmer.fr\/index.php\/wp-json\/wp\/v2\/types\/page"}],"author":[{"embeddable":true,"href":"https:\/\/maisonlacroixvalmer.fr\/index.php\/wp-json\/wp\/v2\/users\/1"}],"replies":[{"embeddable":true,"href":"https:\/\/maisonlacroixvalmer.fr\/index.php\/wp-json\/wp\/v2\/comments?post=96"}],"version-history":[{"count":15,"href":"https:\/\/maisonlacroixvalmer.fr\/index.php\/wp-json\/wp\/v2\/pages\/96\/revisions"}],"predecessor-version":[{"id":338,"href":"https:\/\/maisonlacroixvalmer.fr\/index.php\/wp-json\/wp\/v2\/pages\/96\/revisions\/338"}],"wp:featuredmedia":[{"embeddable":true,"href":"https:\/\/maisonlacroixvalmer.fr\/index.php\/wp-json\/wp\/v2\/media\/63"}],"wp:attachment":[{"href":"https:\/\/maisonlacroixvalmer.fr\/index.php\/wp-json\/wp\/v2\/media?parent=96"}],"curies":[{"name":"wp","href":"https:\/\/api.w.org\/{rel}","templated":true}]}}