{"id":20,"date":"2020-02-16T14:09:53","date_gmt":"2020-02-16T13:09:53","guid":{"rendered":"http:\/\/maisonlacroixvalmer.fr\/?page_id=20"},"modified":"2026-03-22T18:20:38","modified_gmt":"2026-03-22T17:20:38","slug":"contact","status":"publish","type":"page","link":"https:\/\/maisonlacroixvalmer.fr\/index.php\/contact\/","title":{"rendered":"Contact Villa MasRaja"},"content":{"rendered":"\n<p>Si vous souhaitez plus d&rsquo;information, vous pouvez adresser toutes vos demandes \u00e0 <\/p>\n\n\n\n<figure class=\"wp-block-image size-full\"><img loading=\"lazy\" decoding=\"async\" width=\"743\" height=\"184\" src=\"https:\/\/maisonlacroixvalmer.fr\/wp-content\/uploads\/2026\/02\/image.png\" alt=\"\" class=\"wp-image-286\" srcset=\"https:\/\/maisonlacroixvalmer.fr\/wp-content\/uploads\/2026\/02\/image.png 743w, https:\/\/maisonlacroixvalmer.fr\/wp-content\/uploads\/2026\/02\/image-300x74.png 300w\" sizes=\"auto, (max-width: 706px) 89vw, (max-width: 767px) 82vw, 740px\" \/><\/figure>\n\n\n\n<p>Le planning est \u00e0 jour sur les sites de plateformes en ligne de location de meubl\u00e9s touristiques, les prix \u00e0 la semaine et au mois y figurent. <\/p>\n\n\n\n<p>Les prix en direct vous permettent d&rsquo;\u00e9conomiser les commissions d&rsquo;agences.<\/p>\n\n\n\n<p>N&rsquo;h\u00e9sitez pas \u00e0 nous contacter, nous vous r\u00e9pondrons dans la journ\u00e9e.<\/p>\n\n\n\n<p><\/p>\n","protected":false},"excerpt":{"rendered":"<p>Si vous souhaitez plus d&rsquo;information, vous pouvez adresser toutes vos demandes \u00e0 Le planning est \u00e0 jour sur les sites de plateformes en ligne de location de meubl\u00e9s touristiques, les prix \u00e0 la semaine et au mois y figurent. Les prix en direct vous permettent d&rsquo;\u00e9conomiser les commissions d&rsquo;agences. N&rsquo;h\u00e9sitez pas \u00e0 nous contacter, nous &hellip; <\/p>\n<p class=\"link-more\"><a href=\"https:\/\/maisonlacroixvalmer.fr\/index.php\/contact\/\" class=\"more-link\">Continuer la lecture<span class=\"screen-reader-text\"> de &laquo;&nbsp;Contact Villa MasRaja&nbsp;&raquo;<\/span><\/a><\/p>\n","protected":false},"author":1,"featured_media":82,"parent":0,"menu_order":0,"comment_status":"closed","ping_status":"closed","template":"","meta":{"footnotes":""},"class_list":["post-20","page","type-page","status-publish","has-post-thumbnail","hentry"],"yoast_head":"<!-- This site is optimized with the Yoast SEO plugin v15.7 - https:\/\/yoast.com\/wordpress\/plugins\/seo\/ -->\n<title>Contact Villa MasRaja<\/title>\n<meta name=\"robots\" content=\"index, follow, max-snippet:-1, max-image-preview:large, max-video-preview:-1\" \/>\n<link rel=\"canonical\" href=\"https:\/\/maisonlacroixvalmer.fr\/index.php\/contact\/\" \/>\n<meta property=\"og:locale\" content=\"fr_FR\" \/>\n<meta property=\"og:locale:alternate\" content=\"en_US\" \/>\n<meta property=\"og:locale:alternate\" content=\"de_DE\" \/>\n<meta property=\"og:type\" content=\"article\" \/>\n<meta property=\"og:title\" content=\"Contact Villa MasRaja\" \/>\n<meta property=\"og:description\" content=\"Si vous souhaitez plus d&rsquo;information, vous pouvez adresser toutes vos demandes \u00e0 Le planning est \u00e0 jour sur les sites de plateformes en ligne de location de meubl\u00e9s touristiques, les prix \u00e0 la semaine et au mois y figurent. Les prix en direct vous permettent d&rsquo;\u00e9conomiser les commissions d&rsquo;agences. N&rsquo;h\u00e9sitez pas \u00e0 nous contacter, nous &hellip; Continuer la lecture de &laquo;&nbsp;Contact Villa MasRaja&nbsp;&raquo;\" \/>\n<meta property=\"og:url\" content=\"https:\/\/maisonlacroixvalmer.fr\/index.php\/contact\/\" \/>\n<meta property=\"og:site_name\" content=\"Villa La Croix-Valmer\" \/>\n<meta property=\"article:modified_time\" content=\"2026-03-22T17:20:38+00:00\" \/>\n<meta property=\"og:image\" content=\"https:\/\/maisonlacroixvalmer.fr\/wp-content\/uploads\/2020\/02\/Vue.jpg\" \/>\n\t<meta property=\"og:image:width\" content=\"2048\" \/>\n\t<meta property=\"og:image:height\" content=\"1536\" \/>\n<meta name=\"twitter:card\" content=\"summary_large_image\" \/>\n<meta name=\"twitter:label1\" content=\"Dur\u00e9e de lecture est.\">\n\t<meta name=\"twitter:data1\" content=\"1 minute\">\n<script type=\"application\/ld+json\" class=\"yoast-schema-graph\">{\"@context\":\"https:\/\/schema.org\",\"@graph\":[{\"@type\":\"Organization\",\"@id\":\"https:\/\/maisonlacroixvalmer.fr\/#organization\",\"name\":\"Location saisonni\\u00e8re MaisonLaCroixValmer Masraja\",\"url\":\"https:\/\/maisonlacroixvalmer.fr\/\",\"sameAs\":[],\"logo\":{\"@type\":\"ImageObject\",\"@id\":\"https:\/\/maisonlacroixvalmer.fr\/#logo\",\"inLanguage\":\"fr-FR\",\"url\":\"https:\/\/maisonlacroixvalmer.fr\/wp-content\/uploads\/2020\/02\/VuedelaPiscine.jpg\",\"width\":2016,\"height\":1512,\"caption\":\"Location saisonni\\u00e8re MaisonLaCroixValmer Masraja\"},\"image\":{\"@id\":\"https:\/\/maisonlacroixvalmer.fr\/#logo\"}},{\"@type\":\"WebSite\",\"@id\":\"https:\/\/maisonlacroixvalmer.fr\/#website\",\"url\":\"https:\/\/maisonlacroixvalmer.fr\/\",\"name\":\"Villa La Croix-Valmer\",\"description\":\"Pour que vos vacances ne soient que pur plaisir\",\"publisher\":{\"@id\":\"https:\/\/maisonlacroixvalmer.fr\/#organization\"},\"potentialAction\":[{\"@type\":\"SearchAction\",\"target\":\"https:\/\/maisonlacroixvalmer.fr\/?s={search_term_string}\",\"query-input\":\"required name=search_term_string\"}],\"inLanguage\":\"fr-FR\"},{\"@type\":\"ImageObject\",\"@id\":\"https:\/\/maisonlacroixvalmer.fr\/de\/index.php\/contact\/#primaryimage\",\"inLanguage\":\"fr-FR\",\"url\":\"https:\/\/maisonlacroixvalmer.fr\/wp-content\/uploads\/2020\/02\/Vue.jpg\",\"width\":2048,\"height\":1536},{\"@type\":\"WebPage\",\"@id\":\"https:\/\/maisonlacroixvalmer.fr\/de\/index.php\/contact\/#webpage\",\"url\":\"https:\/\/maisonlacroixvalmer.fr\/de\/index.php\/contact\/\",\"name\":\"[:de]Kontakt zum Villa MasRaja[:fr]Contact Villa MasRaja[:] - Villa La Croix-Valmer\",\"isPartOf\":{\"@id\":\"https:\/\/maisonlacroixvalmer.fr\/#website\"},\"primaryImageOfPage\":{\"@id\":\"https:\/\/maisonlacroixvalmer.fr\/de\/index.php\/contact\/#primaryimage\"},\"datePublished\":\"2020-02-16T13:09:53+00:00\",\"dateModified\":\"2026-03-22T17:20:38+00:00\",\"inLanguage\":\"fr-FR\",\"potentialAction\":[{\"@type\":\"ReadAction\",\"target\":[\"https:\/\/maisonlacroixvalmer.fr\/de\/index.php\/contact\/\"]}]}]}<\/script>\n<!-- \/ Yoast SEO plugin. -->","_links":{"self":[{"href":"https:\/\/maisonlacroixvalmer.fr\/index.php\/wp-json\/wp\/v2\/pages\/20","targetHints":{"allow":["GET"]}}],"collection":[{"href":"https:\/\/maisonlacroixvalmer.fr\/index.php\/wp-json\/wp\/v2\/pages"}],"about":[{"href":"https:\/\/maisonlacroixvalmer.fr\/index.php\/wp-json\/wp\/v2\/types\/page"}],"author":[{"embeddable":true,"href":"https:\/\/maisonlacroixvalmer.fr\/index.php\/wp-json\/wp\/v2\/users\/1"}],"replies":[{"embeddable":true,"href":"https:\/\/maisonlacroixvalmer.fr\/index.php\/wp-json\/wp\/v2\/comments?post=20"}],"version-history":[{"count":22,"href":"https:\/\/maisonlacroixvalmer.fr\/index.php\/wp-json\/wp\/v2\/pages\/20\/revisions"}],"predecessor-version":[{"id":359,"href":"https:\/\/maisonlacroixvalmer.fr\/index.php\/wp-json\/wp\/v2\/pages\/20\/revisions\/359"}],"wp:featuredmedia":[{"embeddable":true,"href":"https:\/\/maisonlacroixvalmer.fr\/index.php\/wp-json\/wp\/v2\/media\/82"}],"wp:attachment":[{"href":"https:\/\/maisonlacroixvalmer.fr\/index.php\/wp-json\/wp\/v2\/media?parent=20"}],"curies":[{"name":"wp","href":"https:\/\/api.w.org\/{rel}","templated":true}]}}