{"id":19,"date":"2020-02-16T14:09:53","date_gmt":"2020-02-16T13:09:53","guid":{"rendered":"http:\/\/maisonlacroixvalmer.fr\/?page_id=19"},"modified":"2020-02-23T18:46:38","modified_gmt":"2020-02-23T17:46:38","slug":"maison-de-vacances-a-louer-avec-piscine-et-climatisation-a-la-croix-valmer-800m-de-la-plage-8-10p-4ch-2-sdb","status":"publish","type":"page","link":"https:\/\/maisonlacroixvalmer.fr\/index.php\/maison-de-vacances-a-louer-avec-piscine-et-climatisation-a-la-croix-valmer-800m-de-la-plage-8-10p-4ch-2-sdb\/","title":{"rendered":"\u00c0 propos de"},"content":{"rendered":"\n<p>Ce site est d\u00e9di\u00e9 \u00e0 la location saisonni\u00e8re de la maison.  Vous pouvez nous contacter \u00e0 l&rsquo;adresse suivante:  <a href=\"mailto:MaisonLaCroixValmer@Gmail.com\">MaisonLaCroixValmer@Gmail.com<\/a><\/p>\n\n\n\n<p>Nous vous r\u00e9pondrons normalement sous 24H<\/p>\n","protected":false},"excerpt":{"rendered":"<p>Ce site est d\u00e9di\u00e9 \u00e0 la location saisonni\u00e8re de la maison. Vous pouvez nous contacter \u00e0 l&rsquo;adresse suivante: MaisonLaCroixValmer@Gmail.com Nous vous r\u00e9pondrons normalement sous 24H<\/p>\n","protected":false},"author":1,"featured_media":25,"parent":0,"menu_order":0,"comment_status":"closed","ping_status":"closed","template":"","meta":{"footnotes":""},"class_list":["post-19","page","type-page","status-publish","has-post-thumbnail","hentry"],"yoast_head":"<!-- This site is optimized with the Yoast SEO plugin v15.7 - https:\/\/yoast.com\/wordpress\/plugins\/seo\/ -->\n<title>\u00c0 propos de<\/title>\n<meta name=\"description\" content=\"A louer: Maison individuelle\/Villa 145m\u00b2 avec piscine priv\u00e9e, terrain de p\u00e9tanque. 4 chambres, 2 sdB. Parking. Plage de La Croix Valmer \u00e0 800m \u00e0 pied. March\u00e9 de Saint Tropez \u00e0 20mn en 2 roues.\" \/>\n<meta name=\"robots\" content=\"index, follow, max-snippet:-1, max-image-preview:large, max-video-preview:-1\" \/>\n<link rel=\"canonical\" href=\"https:\/\/maisonlacroixvalmer.fr\/index.php\/maison-de-vacances-a-louer-avec-piscine-et-climatisation-a-la-croix-valmer-800m-de-la-plage-8-10p-4ch-2-sdb\/\" \/>\n<meta property=\"og:locale\" content=\"fr_FR\" \/>\n<meta property=\"og:locale:alternate\" content=\"en_US\" \/>\n<meta property=\"og:locale:alternate\" content=\"de_DE\" \/>\n<meta property=\"og:type\" content=\"article\" \/>\n<meta property=\"og:title\" content=\"\u00c0 propos de\" \/>\n<meta property=\"og:description\" content=\"A louer: Maison individuelle\/Villa 145m\u00b2 avec piscine priv\u00e9e, terrain de p\u00e9tanque. 4 chambres, 2 sdB. Parking. Plage de La Croix Valmer \u00e0 800m \u00e0 pied. March\u00e9 de Saint Tropez \u00e0 20mn en 2 roues.\" \/>\n<meta property=\"og:url\" content=\"https:\/\/maisonlacroixvalmer.fr\/index.php\/maison-de-vacances-a-louer-avec-piscine-et-climatisation-a-la-croix-valmer-800m-de-la-plage-8-10p-4ch-2-sdb\/\" \/>\n<meta property=\"og:site_name\" content=\"Villa La Croix-Valmer\" \/>\n<meta property=\"article:modified_time\" content=\"2020-02-23T17:46:38+00:00\" \/>\n<meta property=\"og:image\" content=\"https:\/\/maisonlacroixvalmer.fr\/wp-content\/uploads\/2020\/02\/PhotosLaX-6.jpg\" \/>\n\t<meta property=\"og:image:width\" content=\"2016\" \/>\n\t<meta property=\"og:image:height\" content=\"1512\" \/>\n<meta name=\"twitter:card\" content=\"summary_large_image\" \/>\n<script type=\"application\/ld+json\" class=\"yoast-schema-graph\">{\"@context\":\"https:\/\/schema.org\",\"@graph\":[{\"@type\":\"Organization\",\"@id\":\"https:\/\/maisonlacroixvalmer.fr\/#organization\",\"name\":\"Location saisonni\\u00e8re MaisonLaCroixValmer Masraja\",\"url\":\"https:\/\/maisonlacroixvalmer.fr\/\",\"sameAs\":[],\"logo\":{\"@type\":\"ImageObject\",\"@id\":\"https:\/\/maisonlacroixvalmer.fr\/#logo\",\"inLanguage\":\"fr-FR\",\"url\":\"https:\/\/maisonlacroixvalmer.fr\/wp-content\/uploads\/2020\/02\/VuedelaPiscine.jpg\",\"width\":2016,\"height\":1512,\"caption\":\"Location saisonni\\u00e8re MaisonLaCroixValmer Masraja\"},\"image\":{\"@id\":\"https:\/\/maisonlacroixvalmer.fr\/#logo\"}},{\"@type\":\"WebSite\",\"@id\":\"https:\/\/maisonlacroixvalmer.fr\/#website\",\"url\":\"https:\/\/maisonlacroixvalmer.fr\/\",\"name\":\"Villa La Croix-Valmer\",\"description\":\"Pour que vos vacances ne soient que pur plaisir\",\"publisher\":{\"@id\":\"https:\/\/maisonlacroixvalmer.fr\/#organization\"},\"potentialAction\":[{\"@type\":\"SearchAction\",\"target\":\"https:\/\/maisonlacroixvalmer.fr\/?s={search_term_string}\",\"query-input\":\"required name=search_term_string\"}],\"inLanguage\":\"fr-FR\"},{\"@type\":\"ImageObject\",\"@id\":\"https:\/\/maisonlacroixvalmer.fr\/index.php\/maison-de-vacances-a-louer-avec-piscine-et-climatisation-a-la-croix-valmer-800m-de-la-plage-8-10p-4ch-2-sdb\/#primaryimage\",\"inLanguage\":\"fr-FR\",\"url\":\"https:\/\/maisonlacroixvalmer.fr\/wp-content\/uploads\/2020\/02\/PhotosLaX-6.jpg\",\"width\":2016,\"height\":1512},{\"@type\":\"WebPage\",\"@id\":\"https:\/\/maisonlacroixvalmer.fr\/index.php\/maison-de-vacances-a-louer-avec-piscine-et-climatisation-a-la-croix-valmer-800m-de-la-plage-8-10p-4ch-2-sdb\/#webpage\",\"url\":\"https:\/\/maisonlacroixvalmer.fr\/index.php\/maison-de-vacances-a-louer-avec-piscine-et-climatisation-a-la-croix-valmer-800m-de-la-plage-8-10p-4ch-2-sdb\/\",\"name\":\"[:en]More...[:de]Mehr \\u00fcber uns...[:fr]\\u00c0 propos de[:]\",\"isPartOf\":{\"@id\":\"https:\/\/maisonlacroixvalmer.fr\/#website\"},\"primaryImageOfPage\":{\"@id\":\"https:\/\/maisonlacroixvalmer.fr\/index.php\/maison-de-vacances-a-louer-avec-piscine-et-climatisation-a-la-croix-valmer-800m-de-la-plage-8-10p-4ch-2-sdb\/#primaryimage\"},\"datePublished\":\"2020-02-16T13:09:53+00:00\",\"dateModified\":\"2020-02-23T17:46:38+00:00\",\"description\":\"A louer: Maison individuelle\/Villa 145m\\u00b2 avec piscine priv\\u00e9e, terrain de p\\u00e9tanque. 4 chambres, 2 sdB. Parking. Plage de La Croix Valmer \\u00e0 800m \\u00e0 pied. March\\u00e9 de Saint Tropez \\u00e0 20mn en 2 roues.\",\"inLanguage\":\"fr-FR\",\"potentialAction\":[{\"@type\":\"ReadAction\",\"target\":[\"https:\/\/maisonlacroixvalmer.fr\/index.php\/maison-de-vacances-a-louer-avec-piscine-et-climatisation-a-la-croix-valmer-800m-de-la-plage-8-10p-4ch-2-sdb\/\"]}]}]}<\/script>\n<!-- \/ Yoast SEO plugin. -->","_links":{"self":[{"href":"https:\/\/maisonlacroixvalmer.fr\/index.php\/wp-json\/wp\/v2\/pages\/19","targetHints":{"allow":["GET"]}}],"collection":[{"href":"https:\/\/maisonlacroixvalmer.fr\/index.php\/wp-json\/wp\/v2\/pages"}],"about":[{"href":"https:\/\/maisonlacroixvalmer.fr\/index.php\/wp-json\/wp\/v2\/types\/page"}],"author":[{"embeddable":true,"href":"https:\/\/maisonlacroixvalmer.fr\/index.php\/wp-json\/wp\/v2\/users\/1"}],"replies":[{"embeddable":true,"href":"https:\/\/maisonlacroixvalmer.fr\/index.php\/wp-json\/wp\/v2\/comments?post=19"}],"version-history":[{"count":5,"href":"https:\/\/maisonlacroixvalmer.fr\/index.php\/wp-json\/wp\/v2\/pages\/19\/revisions"}],"predecessor-version":[{"id":221,"href":"https:\/\/maisonlacroixvalmer.fr\/index.php\/wp-json\/wp\/v2\/pages\/19\/revisions\/221"}],"wp:featuredmedia":[{"embeddable":true,"href":"https:\/\/maisonlacroixvalmer.fr\/index.php\/wp-json\/wp\/v2\/media\/25"}],"wp:attachment":[{"href":"https:\/\/maisonlacroixvalmer.fr\/index.php\/wp-json\/wp\/v2\/media?parent=19"}],"curies":[{"name":"wp","href":"https:\/\/api.w.org\/{rel}","templated":true}]}}